3*t - 41. What is the units digit of (-680)/t*(17 - 4/2)?
0
Suppose h = 3*u - 18060, -24078 = -4*u - 227*h + 228*h. What is the units digit of u?
8
Suppose 26*t - 25*t = 10. Let s(a) = -35 + t*a + 35. What is the tens digit of s(13)?
3
Let q be -30*(4 - 3/(-6)). Let w be (3 - q/(-10))*-10. Let m = -28 + w. What is the tens digit of m?
7
Let r be 6 + (-4)/((-8)/(-2)). What is the tens digit of r + (-2 - -189) + -6?
8
Suppose -n + 539 - 76 = 0. Suppose 0 = -9*q + 806 + n. Suppose -2*v + 79 = 3*g, -4*g - g + q = v. What is the tens digit of g?
2
Let z(u) = 13*u**2 + 16*u - 30. Let v be z(5). Let x = -155 + v. What is the hundreds digit of x?
2
What is the ten thousands digit of -1 - -18276 - (14 + -27 + 6)?
1
Let l(w) = -w**3 + 11*w**2 - w - 6. Let o(u) = -u**3 + 11*u**2 - 7. Let b(q) = 4*l(q) - 5*o(q). What is the tens digit of b(13)?
9
Let j(k) = -21*k + 27. Let a be j(-18). Let f = a + -114. What is the tens digit of f?
9
Let p(t) = 51*t - 10. Let q be p(-2). Let a = q + 223. What is the units digit of a?
1
Suppose -25*f + 16*f = -117. Suppose -296 = f*k - 14*k. What is the tens digit of k?
9
Suppose 0 = -73*s + 107*s - 243111 - 1201175. What is the tens digit of s?
7
Let l(g) = 11*g**2 - 8*g + 3. Let z(n) = -n**2 - n. Let x(j) = l(j) + z(j). Let s be x(3). What is the tens digit of (2222/s)/(2/12)?
0
Suppose -3*h - k = -h - 5, -8 = -2*h - 2*k. Let x be 190 - (0 + h + 2). Let c = x - 53. What is the hundreds digit of c?
1
Suppose 319178 + 64271 = 75*r + 54049. What is the tens digit of r?
9
Suppose 120*b + 86598 = 137*b. What is the hundreds digit of b?
0
Suppose 5*g - 29 - 46 = 0. What is the tens digit of 51*((-1)/g + 14/35)?
1
Let a = -84 - -90. What is the tens digit of 14946/24 - a/8?
2
Let b(a) be the third derivative of 0*a + 21*a**2 + 23/24*a**4 + 1/6*a**3 + 0 - 1/60*a**5. What is the hundreds digit of b(17)?
1
Let s = -441 - -450. What is the tens digit of s/(54/4) + (-525)/(-9)?
5
Let x = 850 + -414. Let s = 590 - x. What is the units digit of s?
4
Let h = 154 - 140. What is the units digit of 1839 + (7/h)/((-2)/16)?
5
Suppose x - 4*o = 19, 5*x = -0*x + 2*o + 23. Let j = x - -7. Suppose -j*h - 108 = -13*h. What is the tens digit of h?
3
Let m be 46/115 + (-1018)/(-5). Let j = m + 3. What is the units digit of j?
7
Suppose -3*u + 5874 = 5*n - 2521, -5*n - 11170 = -4*u. What is the units digit of u?
5
Let i = 278 - -69. What is the units digit of -4 + 9 + (i - -4)?
6
Suppose 45*w + 7219361 = 237*w - 1014367. What is the hundreds digit of w?
8
Suppose 140*l + 401*l = 8310301. What is the ten thousands digit of l?
1
Let c be (-2 - -20)*5/(-15). Let t(d) = 25*d**2 - 6*d - 6. What is the tens digit of t(c)?
3
Let a = 41077 + -17319. What is the hundreds digit of a?
7
Let m(b) = 704*b**2 - 41*b + 86. Let n be m(2). Suppose 18*i - 4*x = 14*i + 3764, -3*i + 2*x + n = 0. What is the tens digit of i?
3
What is the thousands digit of 44912/40*5 + 2 + -10?
5
Let n(u) = 231*u**2 - 118*u + 767. What is the units digit of n(18)?
7
Let k(o) = 220*o**2 - 50*o - 15. What is the hundreds digit of k(6)?
6
Suppose 0 = -5*o + 79*u - 81*u + 104775, -20955 = -o - 4*u. What is the hundreds digit of o?
9
Let g be (2 - 0)*(-4)/(-2). Let n be (-1248)/33 + g/(-22). Let w = n + 51. What is the units digit of w?
3
Let m be 77/28 - -6*(-4)/32. Suppose m*g - 3*l - 35 = -0*g, -5*g = -3*l - 83. What is the units digit of g?
6
Suppose 14*z - 2*z = 60. Suppose -6*t - z = -7*t, -t + 217 = 4*b. What is the tens digit of b?
5
Let o be (-18)/3 + -5 + (23 - 9). What is the units digit of ((-3146)/(-55))/(o*(-4)/(-60))?
6
Let o = 170 + -166. Suppose -1750 + 598 = -o*n. What is the units digit of n?
8
Let c = 91 - 86. Suppose 0*k - c*k = 5, 0 = -4*v - k + 4143. Suppose -v = -5*w - 9*w. What is the tens digit of w?
7
Let u be -16*(1 + (-1 - -10)). Let m = 2714 + -2430. Let n = m + u. What is the units digit of n?
4
Suppose 51*b - 59*b = -5824. What is the hundreds digit of b?
7
Suppose -5*p = 4*h + 5271, -5*h - 5396 = p + 1198. Let w = h - -2087. Suppose -w = -12*u + 4*u. What is the tens digit of u?
9
Let u(g) = 12*g**2 + 51*g - 192. What is the units digit of u(-43)?
3
Let t = -9 + 39. Let x(o) = 15*o - 2*o**2 + 12 + t*o**3 - 31*o**3 - 4*o**2. What is the tens digit of x(-8)?
2
Let o = -23719 + 34883. What is the hundreds digit of o?
1
Suppose 0 = 25*y + 885 - 38810. What is the hundreds digit of y?
5
Let p = -28 - -31. Suppose 5*t = -63 + p. What is the units digit of (-2)/3 - 452/t?
7
Let o = -61 + 63. Suppose -202 = o*h - 208. Suppose 0 = l + p - 151, -h*l + 262 = p - 181. What is the tens digit of l?
4
Suppose -3*q - 30 = -3*s, s = -2*q + 4 + 3. Let v = -14 - -7. Let i = s + v. What is the units digit of i?
2
What is the tens digit of (-21879 - (44 + 3))*-1*1?
2
What is the hundreds digit of -94*(-1689)/9*(-12)/(-168)*21?
4
Let l(a) = a + 36. Let i be l(-24). What is the tens digit of (12 - 2)*(1302/i)/7?
5
Suppose 14050 - 365646 = -28*m. What is the tens digit of m?
5
Suppose n + 5*z + 7 = -11, -2*n = -z + 3. Let c be ((-48)/n)/((-8)/212). What is the units digit of -6*3/(-12)*c/(-12)?
3
Let h(r) be the second derivative of -r**4/12 + r**3/3 - 19*r. Let m be h(0). Suppose m = -2*p + 4*p - 106. What is the tens digit of p?
5
Let y(v) = -v - 13. Let w be y(-17). Suppose 4*j + 5*a = 584, -w*a = 3*j - 7*j + 584. Suppose 5*p - j = 424. What is the hundreds digit of p?
1
Let t be -49310*1/6 + (-2)/(-6). What is the units digit of ((-20)/(-35))/((-1)/(t/4))?
4
Let o = 54 - 46. Suppose -o*y - 116 = -20. What is the tens digit of y/((-6)/(-18)*(-1)/2)?
7
Let x be (-2)/(-1*6/(-219)). Let a = 1175 + x. Suppose 0 = 4*d - a + 442. What is the units digit of d?
5
Suppose 3*d = 2*d + o - 2, 0 = 5*d - 2*o + 1. Let t be (-4 - -2 - 2)*d. What is the units digit of 43 - (-7 - t)*1?
6
Let i = -30 - -31. What is the hundreds digit of i*922 + 132/(-11) + 16?
9
Let n be (-1 - -7) + 0 - -21. Let v(h) = 4*h**2 - 92*h + 92. What is the tens digit of v(n)?
2
Let w be 3*(0/2 + 1). Let b(j) = -6*j**2 + 13*j**2 + 7*j - j**w - 12 + 5. What is the tens digit of b(7)?
4
Suppose -432*q + 3802498 + 2070490 = 76*q. What is the units digit of q?
1
Suppose -2*s + 1060 = 2*b - 1408, 0 = 3*s - 3*b - 3684. What is the tens digit of s?
3
Let k(g) = -21*g**2 + 943*g + 20. What is the tens digit of k(36)?
5
Let f(v) be the third derivative of 2*v**5/15 + 7*v**4/24 + 13*v**3/6 + 42*v**2. What is the thousands digit of f(-15)?
1
Suppose 26*t - 21*t + 65 = 0. Let n = -13 - t. Suppose 436 = 4*a - n*a. What is the tens digit of a?
0
Suppose 535 + 390 = 25*u. Suppose 0 = u*q + 9*q - 61318. What is the thousands digit of q?
1
Let h(y) be the first derivative of 3*y**4 + 3*y**3 + 3*y**2 - 24*y + 5. What is the units digit of h(5)?
1
Suppose -5*p + 7175 = -7655. What is the hundreds digit of p?
9
What is the units digit of 3 + (-1150)/414 + (-65329)/(-9)?
9
Let m(g) be the third derivative of 1/3*g**4 + 0*g + 18*g**2 + 0 + 26/3*g**3. What is the tens digit of m(13)?
5
Let t(n) = n - 1. Let y(h) = -34*h + 32. Let v(l) = -2*t(l) + y(l). What is the hundreds digit of v(-9)?
3
Suppose 19 = 11*v - 36. Suppose -3*l = -v*l + 10. Suppose d - l*a - 59 = 0, 5*a = 4*a - 4. What is the units digit of d?
9
What is the units digit of ((-10)/(-2))/((-1670)/(-25010588))?
2
Let q(k) = 23331*k**3 - 4*k**2 + 17*k - 16. What is the units digit of q(1)?
8
Let z be (3 + -4)/((-5)/195). Let t = z + -126. Let m = 9 - t. What is the tens digit of m?
9
Let f(n) = 87*n**2 + n. Let a be f(1). Let o = -394 - -394. Suppose -49 = -2*m - 3*u, -5*m + o*m + 4*u + a = 0. What is the tens digit of m?
2
Suppose 5*c - 6096 = -2*w, -2*c = -2*w + 3*w - 2438. Suppose 0*y - c = -4*l + 4*y, -4*l + 3*y + 1220 = 0. Let f = -170 + l. What is the tens digit of f?
3
Let g be (205/(-25))/((-2)/10). Suppose 4*t - 3*h - 1269 = 0, -t - 2*h + 361 = g. What is the hundreds digit of t?
3
Let n(q) = 3*q**2 - 4. Let j be n(-4). Let p = 411 - 444. Let i = j - p. What is the tens digit of i?
7
Let p(d) = -15*d + 20. Let w be p(6). What is the hundreds digit of (6 + -1)*(-6916)/w + -4?
4
Let u(b) = b + 38. Let a(o) = -4*o - 52. Let h be a(-23). Let z be h/(-70) + 258/(-14). What is the tens digit of u(z)?
1
Suppose 11265*c - 355028 = 11242*c. What is the tens digit of c?
3
Let 